e?
True
Let j(v) = -v**3 - 7*v**2 + 8*v - 8. Suppose 0*n = 3*n - 48. Suppose -4*o + n = -4*b, -3*b - o = 3*o + 47. Is j(b) composite?
True
Let f(w) = 18*w - 2*w**2 + 3*w**2 - 2 + 2*w**2 + 0*w**2. Is f(-10) a prime number?
False
Let x = -8229 + 14180. Is x a composite number?
True
Let n(h) = 4*h**3 - h**2 - 2*h + 22. Let j(k) = -k**3 - k**2 + k - 1. Let d(a) = -5*j(a) - n(a). Is d(13) a composite number?
True
Let q be -3 - (-5 + (-1 - 1)). Suppose 5*k = q*k. Let f(c) = -c**3 + c**2 - c + 10. Is f(k) a composite number?
True
Let l be (1 + -3*7)/(-2). Let m(y) = 33*y + 13. Let z be m(l). Let g = z + -182. Is g prime?
False
Suppose -9*j + 5*j = 0. Suppose j = -4*x - 162 - 10. Is (-3 - -3) + 0 - x a composite number?
False
Suppose i + 4 = -0*i. Let t be i + 6 + -1 + 2. Suppose 0*p = t*p + 2*w - 3775, -3 = 3*w. Is p prime?
True
Let v(q) = q**3 - 6*q**2 + 4*q + 5. Let l be v(-5). Let o = 89 - l. Is o a prime number?
True
Let o = -4 + 30. Let q = o + -7. Is q composite?
False
Let y be (16/10)/(5/150). Suppose -3*k - y = -138. Let s = 51 - k. Is s prime?
False
Let g(r) = 5*r**2 + 8*r + 2. Let p be g(-4). Let n = p - -9. Is n a composite number?
False
Suppose 41 = 2*t - 2*i - i, 54 = 3*t - 3*i. Suppose 12*h + 659 = t*h. Is h a composite number?
False
Let a(g) = g**3 + 3*g**2 - 11*g - 14. Let z be a(-7). Let s = z + 395. Is s a prime number?
False
Let h(r) = r**2 + 7*r + 6. Let b be h(-4). Let j(k) = -k**3 - k**2 + 9*k + 6. Let f be j(b). Let c = f - 37. Is c prime?
False
Let s(u) = -1. Let x(r) = 20*r - 17. Let m(t) = -3*s(t) + x(t). Is m(11) composite?
True
Suppose -3*f + 3 = -5*t, -5 = -t - 2. Suppose 4*b - 18 + f = 0. Let u(v) = 2*v**3 - 2*v**2 - v. Is u(b) prime?
False
Suppose -x + 477 = 4*v - 8*v, 0 = -3*v - 9. Let k = x - 232. Is (-1 + 3)/2*k a composite number?
False
Suppose -4*m - 3722 + 17182 = 0. Is m prime?
False
Suppose -31*h + 178466 = -28*h - 5*y, 6*y = 30. Is h composite?
False
Let v = -9 + 14. Let u = 22 + -20. Suppose -4*l + 159 = k, -v*l = u*k - 311 - 4. Is k a prime number?
False
Suppose 24*v = 32*v - 30896. Is v composite?
True
Let l be (-1988)/(-126) + 4/18. Suppose 0 = -y - s + 3, 3*y + 5*s = l - 1. Is 4*((-87)/(-6) + y) prime?
False
Let s be 420/18*12/(-5). Let q = 407 + s. Let l = q - 98. Is l a composite number?
True
Suppose -78*c = -102*c + 821064. Is c a composite number?
False
Suppose -5*a - 2232 = -177. Is ((-32)/(-24))/((-2)/a) a prime number?
False
Let t = 142 - -123. Is t prime?
False
Suppose 11 = 2*n - p, n + p + 17 = 5*n. Suppose -n*s + 48 = 255. Let x = s - -400. Is x prime?
True
Let n(c) = 2625*c + 1048. Is n(15) a composite number?
False
Let u(k) = 5*k**3 - k**2 + 2*k - 1. Let f be u(1). Let i be (5 - f)*(-1)/(-2). Suppose -h + 4*y = -30, h - 4*y + 8*y + 2 = i. Is h prime?
False
Suppose -5*d + 2*w + 3*w + 6705 = 0, -2*w = 5*d - 6726. Let q = 2017 - d. Is q a composite number?
False
Let c(t) = -t**3 + 5*t**2 + 6*t + 4. Let r be c(6). Suppose r*p - 11208 = -4*p. Is p a composite number?
True
Let i = -3 - -7. Suppose i*d - 5 = -17. Is (d - 491)*(-3)/6 composite?
True
Let n be 2825 + -2 + (-30)/(-5). Suppose 4*z = -h + n, -3*z + 2*h = 6*h - 2125. Is z prime?
False
Suppose -10326 = -5*a + 3*a. Is a a composite number?
True
Let o be 4/(-14) - (-1170)/126. Let j = o - 9. Let y(t) = -t**2 + t + 142. Is y(j) a composite number?
True
Suppose 33*p = 6*p + 33669. Is p composite?
True
Is 5 - (43 - -10)*-186 composite?
True
Let i(q) = q**3 + 2*q**2 - 6*q - 9. Let v be i(-2). Suppose -5*d + 647 = v*s, 3*s + 771 = 5*d + 148. Is d composite?
False
Let a(h) = -222*h - 61. Is a(-5) composite?
False
Let p = -23504 - -39447. Is p a composite number?
True
Suppose 2*x - n = 21, 0 = 2*x + n + 5 - 20. Let k be (x/(-6))/(3/(-4)). Suppose 0 = -k*f + 3*f - 25. Is f a prime number?
False
Suppose 3 = 2*j + 3*u + 1, -4*j + 26 = -5*u. Suppose 0 = -j*v + 16 + 72. Is v a prime number?
False
Let s(l) = -5269*l**3 + 2*l**2 - 6*l - 8. Is s(-1) prime?
False
Let p = -2950 - -5361. Is p composite?
False
Is 1020768/84 + 0 + (-6)/2 a prime number?
True
Let w be 4/(-6) - 80/(-12). Let v be w/((-12)/(-4)) - 0. Let k(a) = 50*a - 3. Is k(v) a composite number?
False
Let w(l) = 67*l**2 + 14*l + 1. Is w(-6) prime?
False
Let o(h) = -12*h - 5. Let x = -1 + -5. Let z(k) = k**2 + 5*k - 12. Let t be z(x). Is o(t) a composite number?
False
Is (236/(-40) - 1/10) + 11803 composite?
True
Is 4 + (-91588)/(-68) + (-8)/(-68) a composite number?
True
Let p(q) = -10*q**2 + 5*q - 7. Let r be p(4). Let k be (0 - 4/3)*r. Let z = 69 + k. Is z a composite number?
True
Suppose 9698 - 3830 = 4*p. Suppose 10*v - p = 7*v. Is v a composite number?
True
Suppose -7497 = 3*v + 4*v. Let g = v - -2024. Is g a composite number?
False
Suppose 4*t - 2*q + 24263 - 1 = 0, -3*t + q - 18197 = 0. Let y = t + 10483. Is y prime?
False
Let b = 39 - 5. Let t = b - 133. Let i = t + 260. Is i a prime number?
False
Let a(m) = -m**3 + 7*m**2 + 10*m - 10. Let b be a(8). Suppose 2 = 4*x - b. Suppose 5*c + 0*r - 2*r = 1253, x*c + 2*r = 490. Is c a prime number?
False
Is (-935490)/(-138) - (-6)/69 composite?
False
Is (120/(-5))/(-4) - -11308 a prime number?
False
Let m(f) = 16*f**2 + f + 1. Let x be m(-11). Let w = x + -1049. Is w prime?
True
Let i(x) = 1782*x - 47. Is i(4) a composite number?
True
Suppose 5*f - 41 = -16. Suppose -1 = 4*y - f. Let t(z) = 418*z + 1. Is t(y) prime?
True
Let k be 4/10 - (-7986)/10. Suppose 2*c = 2*z + 3*c - k, -3 = c. Is z composite?
False
Suppose 0 = -3*a - 2*a - 3*n + 19, -5*a + 2*n = -4. Suppose -a*y + 2134 = -3*s, 0 = 5*y - 5*s + s - 5321. Is y composite?
False
Let j = -9 + -219. Let z = j - -819. Suppose 67 = -4*i + z. Is i a prime number?
True
Let q(w) = 17*w**3 + 4*w**2 - 30*w - 1. Let n be q(6). Is (12/20)/(1/n) a prime number?
False
Let a = 452 - 714. Let r = 55 - a. Is r composite?
False
Suppose -g + 232 = -4*f, 873 = 3*g + g - 5*f. Suppose -2*o + 480 = -g. Is o a composite number?
True
Suppose -10 = y + 29. Let u = 122 + y. Is u composite?
False
Let b = 26 + -22. Suppose -5*s = b*y - 25742, 11*y - 7*y - s - 25730 = 0. Is y a composite number?
True
Suppose -2*b = -y + 2*b + 1952, 5*b - 7703 = -4*y. Suppose -j = -c + 969, 0 = 2*c - 4*j + 5*j - y. Is c prime?
True
Let b = -5 - -9. Let f(k) = k**3 + 6*k**2 - 17*k - 6. Let c be f(-8). Suppose c*n + 5*q = 113, -b*n + 0*q + 2*q = -286. Is n composite?
True
Let j = 10357 - 6840. Is j a composite number?
False
Let a(h) = 6*h - 4*h - 7 + h + 6*h. Let s be a(5). Let f = s - -9. Is f composite?
False
Suppose 4*t - 1232 - 544 = 0. Let h = 790 - t. Is h prime?
False
Let v = -253 + 666. Is v a composite number?
True
Let y(d) = -d**2 - 11*d - 12. Let p be y(-9). Let v(l) = -6*l + 0*l + l + p*l**2 + 5 - 9*l. Is v(-7) prime?
True
Let c(t) = -t - 1. Let s be c(-5). Let h be 1/(0 + -3 + s). Is ((-355)/(-25))/(h/5) a prime number?
True
Let m = 0 + -9. Is (-384)/(-3) - m/(-9) a composite number?
False
Let i(h) = -549*h**3 + h**2 + 3*h + 3. Is i(-2) a composite number?
True
Suppose 690218 = 29*k - 456761. Is k composite?
False
Is (-107096)/(-7) + (-30)/70 a prime number?
True
Suppose 0 = 4*f - b - 3, 3 + 2 = b. Suppose -f*j - c = -3*c - 18, -5*j + c + 29 = 0. Suppose -3 = g, -5*g = -l + j*l - 281. Is l prime?
False
Suppose -4*p + 41 - 33 = 0. Suppose 2*z - 961 = -u, p*u - 5*z + z = 1962. Is u composite?
False
Suppose 0 = -8*j + 85*j - 151613. Is j composite?
True
Suppose 0 = -69*l + 67*l + 24. Suppose l*b - 8*b = 19132. Is b prime?
True
Let q(a) = 6*a - 2. Let b be q(16). Let y = 8 + -6. Suppose z = y*z - b. Is z composite?
True
Is (60 - -9)*541/3 composite?
True
Is 215625/23 - (-1 - 3) composite?
True
Suppose 5*f = 4*s - 37, 0 - 9 = 2*s + 3*f. Suppose -s*p - 4 = 419. Is (-6)/(-3) + -4 - p a composite number?
False
Suppose -3876 = -9*j - 78. Is j prime?
False
Let u be 1 + (-1 + 2)*7173. Suppose 5*r + 1191 = 2*h + u, 5*r = -2*h + 5967. Suppose r = 3*w - 4*q, 1589 = 4*w - 3*q + 2*q. Is w a prime number?
True
Let c(v) = -3*v + 89. Let t = -28 + 28. Is c(t) composite?
False
Let g(z) = 396*z**3 - z**2 - 3*z - 1. Is g(1) composite?
True
Let j = 11253 + -6717. Suppose -3*k + j = 201. Suppose -k - 990 = -5*b. Is b prime?
True
Let j be (-1 - 2) + (4 - 20)/(-4). Let w(b) = 633*b**3 + b**2 - 1. Is w(j) prime?
False
Let p(y) = 438*y**2 + 32*y + 1. Is